d by 21.
19
Let g be 5/(140/(-116)) + (-1)/(-7). Let r be -4 - (8 + g)*2/(-2). Suppose 4*i - 299 - 525 = r. What is the remainder when i is divided by 52?
50
Let s = -522 - -582. Calculate the remainder when 35 is divided by 23/4 + 15/s.
5
What is the remainder when (15 - (19 + (-273)/(-52)))*(-593 - -1) is divided by 1094?
6
Let n(u) = -u**2 + 16*u + 16. Suppose -6*l - l + 1302 = 0. What is the remainder when l is divided by n(16)?
10
Let d(b) = -1044*b - 3625. What is the remainder when d(-4) is divided by 107?
16
Suppose 5*k - 9 - 1 = 0. Suppose k*u - 9 = -5. What is the remainder when 25 is divided by (9/15)/(u/50)?
10
Suppose -8836 = -9*n - 2742 + 14201. What is the remainder when n is divided by 9?
5
What is the remainder when 3 - (146608/(-1848))/(4/6 + 0) is divided by 74?
48
Let u be (2 + 1)/(0 + 3/4). Suppose -2*d = -u*j - 58, 2*d - 2*j - 76 = -4*j. Calculate the remainder when d is divided by 4.
3
Suppose 3*j - 139 = 5*y, 54 + 103 = 4*j - y. What is the remainder when j is divided by 24?
14
Suppose 3*w + 2*x + 41 = -0*x, -21 = 2*w - 5*x. Let y = w - -185. Let k = y + -121. What is the remainder when k is divided by 13?
12
Suppose 0 = -3*v - 5*l + 149, -v + 13 = 612*l - 607*l. Suppose 3*r - 74 - 31 = 0. Calculate the remainder when v is divided by r.
33
Suppose 4*t + 3*v = 0, 22*v = -3*t + 17*v. Suppose -4*j = -2*s - 82, -2*j - 3*s - 2*s + 23 = t. Calculate the remainder when 2/4 - (-284)/8 is divided by j.
17
Let f(i) = 2*i + 70. Suppose -4*o = -o - 18. Let c be 21/(-3*2/o). What is the remainder when 137 is divided by f(c)?
25
Suppose 6*p - 11*p = -10. Suppose p*y - 480 = -4*y. Suppose 0 = -3*k - a + 66, -2*a - 73 = -4*k + 15. What is the remainder when y is divided by k?
14
Let b(h) = -h**3 - 11*h**2 - h - 10. Let d be b(-11). Calculate the remainder when 234 is divided by -1*1*d + 16 + 19.
30
Suppose -3*n + 176 = 8. Let z(h) = 17*h - 219. Let p be 392/(-112)*4/(-1). What is the remainder when n is divided by z(p)?
18
Let d(r) = -479*r**3 - 28*r**2 - 32*r - 4. Calculate the remainder when d(-1) is divided by 156.
11
Suppose 0 = -10*g - 5*g - 4*g + 17936. Calculate the remainder when g is divided by 166.
114
Suppose 8*f - 24 = -40. Let d(j) = -3*j**2 - 6*j - 3. Let p be d(f). What is the remainder when 69 is divided by (-4)/8*2*-13 + p?
9
Let i be (-188)/6*(-6)/(-4). Let a = -21 - i. What is the remainder when 87 is divided by a?
9
Suppose -3*g + 2*r + 837 - 443 = 0, -2*g = -r - 262. What is the remainder when 353 is divided by g?
93
Let d = 17 + 24. Let i = d + -41. Suppose 12 = p - i*p. What is the remainder when 118 is divided by p?
10
Let g = -258 + 252. What is the remainder when ((-1054)/g)/((-16)/(-12) - 1) is divided by 24?
23
Let t = 2714 - 2667. Calculate the remainder when 467 is divided by t.
44
Suppose 235826 = 73*f + 479*f - 213502. What is the remainder when f is divided by 399?
16
Let y be 8 - (-6)/(-18)*15. What is the remainder when 96 is divided by y/2 - (4 - 59/2)?
15
Let d = 29070 + -29056. Calculate the remainder when 746 is divided by d.
4
What is the remainder when (-1227 - -1078)/((-2)/8) is divided by 91?
50
Let l(m) = 116 + 12*m - 3*m**2 - 124 + m**3 - m**2 + 5*m**2 + 8*m**2. Calculate the remainder when l(-6) is divided by 14.
0
Suppose 11*j - 7 - 213 = 0. Let g = 44 - j. What is the remainder when g is divided by 3?
0
Suppose a - 5 = 11. Let g = -306 - -311. Suppose j - 2*j - 9 = -3*w, -5*w + 55 = g*j. Calculate the remainder when a is divided by j.
4
Suppose -63*h = 5*h - 22440. Calculate the remainder when h is divided by 67.
62
Let r = 293 - 267. Let c(n) = -2*n**2 + 63*n - 75. What is the remainder when c(r) is divided by 72?
67
Suppose 2*s = -0*s + 122. Let r = 14 + s. Let a = r + -71. What is the remainder when 41 is divided by a?
1
Suppose 6*h + 35*h - 317200 = -264*h. Calculate the remainder when h is divided by 489.
62
What is the remainder when (-333 - 0)*(-368)/138 is divided by 143?
30
Suppose 0 = -18*d + 19*d - 10. Suppose d*v - 182 = -12. Let m = -104 + 169. What is the remainder when m is divided by v?
14
Suppose 194*u - 1256609 - 883897 = -25*u. What is the remainder when u is divided by 12?
6
Let m = -108 - -108. Suppose 5*j - 290 + 210 = m. Calculate the remainder when 43 is divided by j.
11
What is the remainder when (-4)/46 - (1338246/(-161) + -22) is divided by 21?
18
Let v(g) = -3*g**2 + 92*g + 825. Calculate the remainder when 50351 is divided by v(-7).
31
Let t = -20047 + 20077. Suppose 5*l + y - 705 = -0*y, -l - 4*y = -122. What is the remainder when l is divided by t?
22
Let r = -32022 + 32895. Calculate the remainder when r is divided by (-4 + 3)/(2/(-146)).
70
Let o be 3 + 1/(-4)*2*-2. Suppose 44 + 116 = o*j. Suppose -39*b = -j*b + 5. Calculate the remainder when 24 is divided by b.
4
Suppose 0 = 4*z - z - 45. Let d be 2/(-3) + (-50)/z. Let t = d - -77. Calculate the remainder when t is divided by 27.
19
Suppose -9 = -4*h - 4*b + 39, 0 = 5*h + 4*b - 64. What is the remainder when 402 is divided by h?
2
Let s = -59 + 17. Let y = 50 + s. Suppose 12*l - 68 = y*l. What is the remainder when l is divided by 4?
1
What is the remainder when 160 is divided by 42 - (-4 - -13) - -7?
0
Suppose 0 = -2*s + 6*s + 172. Let a = s + 45. Calculate the remainder when (-4)/14 + (-153)/(-21) is divided by a.
1
Suppose -4*q - q - 21 = -2*l, 3*q = 5*l - 81. Let r(o) = 28*o + 107. Let n be r(-4). Let x(d) = -33*d - 107. What is the remainder when x(n) is divided by l?
4
What is the remainder when 18/108 - (-15546)/36 is divided by 88?
80
Suppose 5152 = 1165*w - 428*w - 7. What is the remainder when 41 is divided by w?
6
Let d = 4310 - 2710. Calculate the remainder when d is divided by 1598.
2
Let q(i) = -i**2 + 28*i - 58. Let d = -41 + 66. Calculate the remainder when q(9) is divided by d.
13
Let o(l) = l**2 - 4*l**2 - 42*l + 21*l + 19*l + l**3 + 4. Let n be o(4). Calculate the remainder when 86 - ((-2)/12 - (-38)/n) is divided by 42.
41
Suppose -7*x + 48 = -3*x. Suppose x*n - 13 = -1. Suppose 0 = 4*a + 21 - n, 4*q - 2*a = 70. Calculate the remainder when 55 is divided by q.
10
Let v(f) = 30*f + 9. Let a be v(-3). Let r = -42 - a. What is the remainder when 155 is divided by r?
38
Suppose -4*w = -0*w - r - 159, 0 = -w + 2*r + 38. What is the remainder when 55 + w/8 - (1 - 3) is divided by 19?
5
Suppose -4*v = -n + 811, -5*n - 3*v = v - 3983. Suppose -5*h + 22*h = n. What is the remainder when 130 is divided by h?
36
Let k(c) = 4*c - 31. What is the remainder when 7754 is divided by k(49)?
164
Let g(f) = -22*f - 1177. What is the remainder when 261 is divided by g(-65)?
8
What is the remainder when (844/6)/(36/(-126))*-3 is divided by 490?
7
Suppose 60*c = 46*c + 14. Let f(b) = -b - 9. Suppose -2*m - 19 = -3*q, -2*q - 22 - 24 = 4*m. What is the remainder when f(m) is divided by c?
0
Let q = -61 + 51. Calculate the remainder when 141 is divided by (-27 - -32)/(q/(-36)).
15
Suppose -14*w + 339 = -781. Calculate the remainder when w is divided by 20.
0
Let q = -105 + 213. Calculate the remainder when q is divided by (-1 - -3 - -28)/((-39)/(-52)).
28
Suppose -33*h - 115 = -35*h + 3*q, 5*h + 3*q = 277. Calculate the remainder when 170 is divided by h.
2
Suppose -30*o = -10348 - 212. Calculate the remainder when o is divided by 89.
85
Let z be 4 + -9 + (-2 - -7) + 58. Calculate the remainder when 115 + z + (0 - 6) is divided by 45.
32
Let a = 13960 + -13944. What is the remainder when 8604 is divided by a?
12
Let z = 9708 - 9692. Calculate the remainder when 376 is divided by z.
8
Let z(u) = 16*u**2 - 55*u + 221. What is the remainder when z(4) is divided by 20?
17
Let j(p) = 0*p**2 + 303*p + 2*p**2 - 317*p - 162. Calculate the remainder when j(23) is divided by 64.
62
Suppose 211*d + 61 = 1749. Suppose 0*z = 5*z - 15. Calculate the remainder when d is divided by z.
2
Suppose 3*w = 104 - 29. What is the remainder when w is divided by 240/42*(-28)/(-8)?
5
Let o be (-558)/(-4)*(-82)/(-123). Suppose -98*i + 15 = -o*i. What is the remainder when 46 is divided by i?
1
What is the remainder when (-10 + 4 - -3)/((-15)/1690) - -6 is divided by 162?
20
What is the remainder when 5277 is divided by 3188/36 + 2 - 1*(-56)/126?
90
Let s = -574 + 690. What is the remainder when s is divided by 26 - -2 - (12*1)/3?
2